{"id":756,"date":"2015-08-27T10:17:13","date_gmt":"2015-08-27T08:17:13","guid":{"rendered":"http:\/\/annekatrinpuhle.de\/blog\/?page_id=756"},"modified":"2021-03-13T17:10:31","modified_gmt":"2021-03-13T15:10:31","slug":"buch-naturgeister","status":"publish","type":"page","link":"https:\/\/annekatrinpuhle.de\/blog\/?page_id=756","title":{"rendered":"Buch: Naturgeister"},"content":{"rendered":"<p><a href=\"http:\/\/annekatrinpuhle.de\/blog\/wp-content\/uploads\/Natur.jpg\"><img loading=\"lazy\" decoding=\"async\" class=\"alignnone size-medium wp-image-1063\" src=\"http:\/\/annekatrinpuhle.de\/blog\/wp-content\/uploads\/Natur-225x300.jpg\" alt=\"Natur\" width=\"225\" height=\"300\" srcset=\"https:\/\/annekatrinpuhle.de\/blog\/wp-content\/uploads\/Natur-225x300.jpg 225w, https:\/\/annekatrinpuhle.de\/blog\/wp-content\/uploads\/Natur.jpg 768w\" sizes=\"auto, (max-width: 225px) 100vw, 225px\" \/><\/a><\/p>\n<p>Annekatrin Puhle &amp; Mary Tulloch: Naturgeister.\u00a0Wahre Begegnungen mit Elfen und Zwergen.<\/p>\n<p>Grafing:\u00a0Aquamarin.\u00a0144 Seiten.\u00a0ISBN 978-3-89427-688-1<\/p>\n<p>Dieses Buch ist Ergebnis einer aufwendigen wie aufregenden Sammlung von Erlebnisberichten aus erster Hand, die die Autorinnen in Skandinavien, Gro\u00dfbritannien, \u00d6sterreich und Deutschland in den letzten f\u00fcnf Jahren gesammelt haben. Es enth\u00e4lt ein Vorwort von Annekatrin Puhle und ein Nachwort von Mary Tulloch.<\/p>\n<p>Lesen Sie mehr:<\/p>\n<p><a title=\"https:\/\/www.aquamarin-verlag.de\/medien\/967\" href=\"https:\/\/www.aquamarin-verlag.de\/medien\/967\" target=\"_blank\" rel=\"noopener\" data-saferedirecturl=\"https:\/\/www.google.com\/url?hl=de&amp;q=https:\/\/www.aquamarin-verlag.de\/medien\/967&amp;source=gmail&amp;ust=1507040368638000&amp;usg=AFQjCNF0GTAAfK1JXNOdEhNKxX4U45jvCA\">https:\/\/www.aquamarin-verlag.<wbr \/>de\/medien\/967<\/a><\/p>\n<p style=\"text-align: left;\">\n","protected":false},"excerpt":{"rendered":"<p>Annekatrin Puhle &amp; Mary Tulloch: Naturgeister.\u00a0Wahre Begegnungen mit Elfen und Zwergen. Grafing:\u00a0Aquamarin.\u00a0144 Seiten.\u00a0ISBN 978-3-89427-688-1 Dieses Buch ist Ergebnis einer aufwendigen wie aufregenden Sammlung von Erlebnisberichten aus erster Hand, die die Autorinnen in Skandinavien, Gro\u00dfbritannien, \u00d6sterreich und Deutschland in den letzten f\u00fcnf Jahren gesammelt haben. Es enth\u00e4lt ein Vorwort von Annekatrin Puhle und ein Nachwort von [&hellip;]<\/p>\n","protected":false},"author":1,"featured_media":0,"parent":0,"menu_order":0,"comment_status":"open","ping_status":"closed","template":"","meta":{"footnotes":""},"class_list":["post-756","page","type-page","status-publish","hentry"],"_links":{"self":[{"href":"https:\/\/annekatrinpuhle.de\/blog\/index.php?rest_route=\/wp\/v2\/pages\/756","targetHints":{"allow":["GET"]}}],"collection":[{"href":"https:\/\/annekatrinpuhle.de\/blog\/index.php?rest_route=\/wp\/v2\/pages"}],"about":[{"href":"https:\/\/annekatrinpuhle.de\/blog\/index.php?rest_route=\/wp\/v2\/types\/page"}],"author":[{"embeddable":true,"href":"https:\/\/annekatrinpuhle.de\/blog\/index.php?rest_route=\/wp\/v2\/users\/1"}],"replies":[{"embeddable":true,"href":"https:\/\/annekatrinpuhle.de\/blog\/index.php?rest_route=%2Fwp%2Fv2%2Fcomments&post=756"}],"version-history":[{"count":14,"href":"https:\/\/annekatrinpuhle.de\/blog\/index.php?rest_route=\/wp\/v2\/pages\/756\/revisions"}],"predecessor-version":[{"id":2486,"href":"https:\/\/annekatrinpuhle.de\/blog\/index.php?rest_route=\/wp\/v2\/pages\/756\/revisions\/2486"}],"wp:attachment":[{"href":"https:\/\/annekatrinpuhle.de\/blog\/index.php?rest_route=%2Fwp%2Fv2%2Fmedia&parent=756"}],"curies":[{"name":"wp","href":"https:\/\/api.w.org\/{rel}","templated":true}]}}