{"id":974,"date":"2017-01-13T16:06:09","date_gmt":"2017-01-13T14:06:09","guid":{"rendered":"http:\/\/annekatrinpuhle.de\/blog\/?page_id=974"},"modified":"2021-03-13T17:16:22","modified_gmt":"2021-03-13T15:16:22","slug":"buch-shakespeares-ghosts","status":"publish","type":"page","link":"https:\/\/annekatrinpuhle.de\/blog\/?page_id=974","title":{"rendered":"Buch: Shakespeare&#8217;s Ghosts LIVE"},"content":{"rendered":"<p style=\"text-align: center;\"><a href=\"http:\/\/annekatrinpuhle.de\/blog\/wp-content\/uploads\/SH-Live.jpg\"><img loading=\"lazy\" decoding=\"async\" class=\"size-medium wp-image-1111 alignleft\" src=\"http:\/\/annekatrinpuhle.de\/blog\/wp-content\/uploads\/SH-Live-225x300.jpg\" alt=\"\" width=\"225\" height=\"300\" srcset=\"https:\/\/annekatrinpuhle.de\/blog\/wp-content\/uploads\/SH-Live-225x300.jpg 225w, https:\/\/annekatrinpuhle.de\/blog\/wp-content\/uploads\/SH-Live.jpg 768w\" sizes=\"auto, (max-width: 225px) 100vw, 225px\" \/><\/a> \u00a0\u00a0 <a href=\"http:\/\/annekatrinpuhle.de\/blog\/wp-content\/uploads\/Shakespeare-paperback_.jpg\"><img loading=\"lazy\" decoding=\"async\" class=\"alignnone size-medium wp-image-1357\" src=\"http:\/\/annekatrinpuhle.de\/blog\/wp-content\/uploads\/Shakespeare-paperback_-214x300.jpg\" alt=\"\" width=\"214\" height=\"300\" srcset=\"https:\/\/annekatrinpuhle.de\/blog\/wp-content\/uploads\/Shakespeare-paperback_-214x300.jpg 214w, https:\/\/annekatrinpuhle.de\/blog\/wp-content\/uploads\/Shakespeare-paperback_.jpg 357w\" sizes=\"auto, (max-width: 214px) 100vw, 214px\" \/><\/a><\/p>\n<p style=\"text-align: center;\">\n<p style=\"text-align: center;\"><strong>Annekatrin Puhle &amp; Adrian Parker-Reed:\u00a0<\/strong><strong>Shakespeare&#8217;s Ghosts LIVE<\/strong><\/p>\n<p style=\"text-align: center;\"><strong>From Shakespeare&#8217;s Ghosts to Psychical Research<\/strong><\/p>\n<p>Als Hardcover (gelbes Cover) und Paperback-Ausgabe erh\u00e4ltlich.<\/p>\n<p><a href=\"http:\/\/www.cambridgescholars.com\/shakespeares-ghosts-live\">http:\/\/www.cambridgescholars.com\/shakespeares-ghosts-live<\/a><\/p>\n<p>Unsere Buchvorstellung bei Watkins in London:<\/p>\n<p><a href=\"https:\/\/www.youtube.com\/watch?v=b-dBBihO0Ho&amp;t=109s\">https:\/\/www.youtube.com\/watch?v=b-dBBihO0Ho&amp;t=109s<\/a><\/p>\n<p>Lesen Sie in <em>Ancient Origins<\/em> \u00fcber das Buch:<\/p>\n<p>https:\/\/www.ancient-origins.net\/book-reviews\/shakespeare-s-ghosts-live-shakespeare-s-ghosts-psychical-research-009017<\/p>\n<p>Bei diesem Buch handelt sich nicht etwa um eine englische Ausgabe meines deutschen Buches &#8220;Mit Shakespeare durch die Welt der Geister&#8221;, sondern um ein unabh\u00e4ngiges Buch, das von den fiktiven Geistern aus der Feder Shakespeares und historischen Dokumentationen \u00fcber Geistererscheinungen eine klare Linie bis zur heutigen Bewusstseinsforschung zieht.<\/p>\n<p><strong>Praise for the book<\/strong><\/p>\n<div>\n<p>\u201cGradually, but surely, modern neuroscience is transitioning to a perspective that includes consciousness as a fundamental element in our worldview and not an incidental by-product of the brain. Along with this shift is a new appreciation of the complexity of the psyche, and the realization that many of our forebears understood aspects of consciousness that we unfortunately have shunned. Dr Annekatrin Puhle and Dr Adrian Parker-Reed have combed Shakespeareana and modern consciousness research for evidence of the richness of the psyche in the form of ghosts, spirits, and psychical phenomena. They show that these happenings remain an essential part of who we are, and are manifestations of healthy human function. This wonderfully illustrated, eloquent book is a reclamation project for the human psyche, an effort to take back what we have forfeited in our modern era. After reading Shakespeare\u2019s Ghosts Live, you will never think of Shakespeare, ghosts, or yourself in the same way.\u201d<\/p>\n<p>\u2014Larry Dossey, MD, author, One Mind: How Our Individual Mind Is Part of a Greater Consciousness and Why It Matters<\/p>\n<p>\u201cTalking about psychic phenomena in academia is still not regarded as politically \u2018correct\u2019, say the authors of this meticulously researched and engagingly written study of a long neglected area of Shakespeare\u2019s vast survey of the totality of the human condition. This attitude, they add, amounts to \u2018wilful disregard of current interest in exploring altered states of consciousness\u2019. It has led to attempts to replace the term \u2018parapsychology\u2019 by \u2018anomalistic psychology\u2019, implying this to be no more than a \u2018deviant belief\u2019. It is an attitude with which Shakespeare would not have agreed. To him, dialogues with a deceased parent or a trio of precognitive witches are just two well-known examples of many cited here which he accepts as anything but deviant\u2014 especially when they convey accurate information. We are constantly reminded that, in the words of one of Shakespeare\u2019s most often quoted observations, there are indeed more things in heaven and earth than are dreamt of in Horatio\u2019s philosophy, or indeed in much of contemporary academia.\u201d<\/p>\n<p>\u2014Guy Lyon Playfair, author, If This Be Magic and Twin Telepathy<\/p>\n<p>\u201cDr Puhle and Dr Parker have joined forces to produce a fascinating and deceptively important book. Woven around Shakespeare\u2019s surprisingly numerous and judgement-free references to apparitions and things supernatural is a thought-provoking and intellectually honest foray into the history of modern day psychic research, with an emphasis on apparitions. It further notes where we are now in the investigation of such matters, and goes on to dip briefly into the deep waters regarding the nature of consciousness. Along the way there are some well-aimed sideswipes at aspects of the \u2018zombification\u2019 of today\u2019s culture, especially in the mainstream neuro-scientific reductionist approach to consciousness. This is a well-written work to savour, with Shakespeare\u2019s ghosts all the time haunting its pages.\u201d<\/p>\n<p>\u2014Paul Devereux, Editor, Time and Mind \u2013 The Journal of Archaeology, Consciousness and Culture<\/p>\n<p>&#8220;Die &#8216;Mission &#8216; des Buches besteht darin, auf die Literatur haupts\u00e4chlich, aber nicht ausschlie\u00dflich, von William Shakespeare zuzugreifen, Einzelheiten zu pers\u00f6nlichen mutma\u00dflich paranormalen Erfahrungen zahlreicher Individuen zu liefern und wissenschaftliche Untersuchungen auf diese Forschungsbereiche anzuwenden. [&#8230; ] Die verwendete Sprache ist sowohl f\u00fcr akademische als auch f\u00fcr nicht-akademische Leser angenehm. [&#8230;] Puhle und Parker-Reed haben einen breiten Aufgabenbereich und stellen Forschungsarbeiten aus zahlreichen anderen Fachgebieten vor, sowohl historische als auch moderne Forschung \u00fcber Erscheinungen und verwandte Themen mit mehr als nur einem Wink in Shakespeares Richtung.&#8221;<br \/>\n\u2014 Melvyn Willin<br \/>\nJournal der Gesellschaft f\u00fcr psychische Forschung, 81: 3 (2017)<\/p>\n<\/div>\n","protected":false},"excerpt":{"rendered":"<p>\u00a0\u00a0 Annekatrin Puhle &amp; Adrian Parker-Reed:\u00a0Shakespeare&#8217;s Ghosts LIVE From Shakespeare&#8217;s Ghosts to Psychical Research Als Hardcover (gelbes Cover) und Paperback-Ausgabe erh\u00e4ltlich. http:\/\/www.cambridgescholars.com\/shakespeares-ghosts-live Unsere Buchvorstellung bei Watkins in London: https:\/\/www.youtube.com\/watch?v=b-dBBihO0Ho&amp;t=109s Lesen Sie in Ancient Origins \u00fcber das Buch: https:\/\/www.ancient-origins.net\/book-reviews\/shakespeare-s-ghosts-live-shakespeare-s-ghosts-psychical-research-009017 Bei diesem Buch handelt sich nicht etwa um eine englische Ausgabe meines deutschen Buches &#8220;Mit Shakespeare durch [&hellip;]<\/p>\n","protected":false},"author":1,"featured_media":0,"parent":0,"menu_order":0,"comment_status":"open","ping_status":"closed","template":"","meta":{"footnotes":""},"class_list":["post-974","page","type-page","status-publish","hentry"],"_links":{"self":[{"href":"https:\/\/annekatrinpuhle.de\/blog\/index.php?rest_route=\/wp\/v2\/pages\/974","targetHints":{"allow":["GET"]}}],"collection":[{"href":"https:\/\/annekatrinpuhle.de\/blog\/index.php?rest_route=\/wp\/v2\/pages"}],"about":[{"href":"https:\/\/annekatrinpuhle.de\/blog\/index.php?rest_route=\/wp\/v2\/types\/page"}],"author":[{"embeddable":true,"href":"https:\/\/annekatrinpuhle.de\/blog\/index.php?rest_route=\/wp\/v2\/users\/1"}],"replies":[{"embeddable":true,"href":"https:\/\/annekatrinpuhle.de\/blog\/index.php?rest_route=%2Fwp%2Fv2%2Fcomments&post=974"}],"version-history":[{"count":26,"href":"https:\/\/annekatrinpuhle.de\/blog\/index.php?rest_route=\/wp\/v2\/pages\/974\/revisions"}],"predecessor-version":[{"id":2490,"href":"https:\/\/annekatrinpuhle.de\/blog\/index.php?rest_route=\/wp\/v2\/pages\/974\/revisions\/2490"}],"wp:attachment":[{"href":"https:\/\/annekatrinpuhle.de\/blog\/index.php?rest_route=%2Fwp%2Fv2%2Fmedia&parent=974"}],"curies":[{"name":"wp","href":"https:\/\/api.w.org\/{rel}","templated":true}]}}